{"id":27311,"date":"2024-09-20T20:17:55","date_gmt":"2024-09-20T20:17:55","guid":{"rendered":"https:\/\/happineff.com\/hpn1\/?page_id=27311"},"modified":"2024-10-03T22:19:18","modified_gmt":"2024-10-03T22:19:18","slug":"dale-la-vuelta-a-la-dispersion","status":"publish","type":"page","link":"https:\/\/happineff.com\/hpn1\/dale-la-vuelta-a-la-dispersion\/","title":{"rendered":"Dale la Vuelta a la Dispersi\u00f3n"},"content":{"rendered":"\t\t<div data-elementor-type=\"wp-page\" data-elementor-id=\"27311\" class=\"elementor elementor-27311\" data-elementor-post-type=\"page\">\n\t\t\t\t\t\t<section class=\"elementor-section elementor-top-section elementor-element elementor-element-2c28c389 elementor-section-boxed elementor-section-height-default elementor-section-height-default\" data-id=\"2c28c389\" data-element_type=\"section\" data-e-type=\"section\" data-settings=\"{&quot;background_background&quot;:&quot;classic&quot;}\">\n\t\t\t\t\t\t<div class=\"elementor-container elementor-column-gap-default\">\n\t\t\t\t\t<div class=\"elementor-column elementor-col-100 elementor-top-column elementor-element elementor-element-4c1e4706\" data-id=\"4c1e4706\" data-element_type=\"column\" data-e-type=\"column\">\n\t\t\t<div class=\"elementor-widget-wrap elementor-element-populated\">\n\t\t\t\t\t\t<div class=\"elementor-element elementor-element-2867ca6f elementor-invisible elementor-widget elementor-widget-heading\" data-id=\"2867ca6f\" data-element_type=\"widget\" data-e-type=\"widget\" data-settings=\"{&quot;_animation&quot;:&quot;fadeIn&quot;}\" data-widget_type=\"heading.default\">\n\t\t\t\t<div class=\"elementor-widget-container\">\n\t\t\t\t\t<h2 class=\"elementor-heading-title elementor-size-default\">Conferencia: Dale la Vuelta a la Dispersi\u00f3n\n\n\n\n\n\n<\/h2>\t\t\t\t<\/div>\n\t\t\t\t<\/div>\n\t\t\t\t<div class=\"elementor-element elementor-element-5ef842e elementor-widget elementor-widget-text-editor\" data-id=\"5ef842e\" data-element_type=\"widget\" data-e-type=\"widget\" data-widget_type=\"text-editor.default\">\n\t\t\t\t<div class=\"elementor-widget-container\">\n\t\t\t\t\t\t\t\t\t<p data-ccp-props=\"{&quot;335551550&quot;:2,&quot;335551620&quot;:2,&quot;335559683&quot;:0,&quot;335559685&quot;:0,&quot;335559731&quot;:0,&quot;335559737&quot;:0,&quot;335562764&quot;:2,&quot;335562765&quot;:1,&quot;335562766&quot;:4,&quot;335562767&quot;:0,&quot;335562768&quot;:4,&quot;335562769&quot;:0}\"><span data-scheme-color=\"@333333,,\" data-usefontface=\"true\" data-contrast=\"none\">Hijos Exitosos y Familia en Armon\u00eda<\/span>\u200b<\/p>\t\t\t\t\t\t\t\t<\/div>\n\t\t\t\t<\/div>\n\t\t\t\t<div class=\"elementor-element elementor-element-22950a1f elementor-widget-divider--view-line elementor-widget elementor-widget-divider\" data-id=\"22950a1f\" data-element_type=\"widget\" data-e-type=\"widget\" data-widget_type=\"divider.default\">\n\t\t\t\t<div class=\"elementor-widget-container\">\n\t\t\t\t\t\t\t<div class=\"elementor-divider\">\n\t\t\t<span class=\"elementor-divider-separator\">\n\t\t\t\t\t\t<\/span>\n\t\t<\/div>\n\t\t\t\t\t\t<\/div>\n\t\t\t\t<\/div>\n\t\t\t\t\t<\/div>\n\t\t<\/div>\n\t\t\t\t\t<\/div>\n\t\t<\/section>\n\t\t\t\t<section class=\"elementor-section elementor-top-section elementor-element elementor-element-c9699a9 elementor-section-height-min-height elementor-section-boxed elementor-section-height-default elementor-section-items-middle\" data-id=\"c9699a9\" data-element_type=\"section\" data-e-type=\"section\" data-settings=\"{&quot;background_background&quot;:&quot;classic&quot;}\">\n\t\t\t\t\t\t\t<div class=\"elementor-background-overlay\"><\/div>\n\t\t\t\t\t\t\t<div class=\"elementor-container elementor-column-gap-default\">\n\t\t\t\t\t<div class=\"elementor-column elementor-col-100 elementor-top-column elementor-element elementor-element-4fbbef8\" data-id=\"4fbbef8\" data-element_type=\"column\" data-e-type=\"column\">\n\t\t\t<div class=\"elementor-widget-wrap elementor-element-populated\">\n\t\t\t\t\t\t<section class=\"elementor-section elementor-inner-section elementor-element elementor-element-bb2ba47 elementor-section-boxed elementor-section-height-default elementor-section-height-default\" data-id=\"bb2ba47\" data-element_type=\"section\" data-e-type=\"section\">\n\t\t\t\t\t\t<div class=\"elementor-container elementor-column-gap-default\">\n\t\t\t\t\t<div class=\"elementor-column elementor-col-50 elementor-inner-column elementor-element elementor-element-5448734\" data-id=\"5448734\" data-element_type=\"column\" data-e-type=\"column\">\n\t\t\t<div class=\"elementor-widget-wrap elementor-element-populated\">\n\t\t\t\t\t\t<div class=\"elementor-element elementor-element-2463599 elementor-invisible elementor-widget elementor-widget-image\" data-id=\"2463599\" data-element_type=\"widget\" data-e-type=\"widget\" data-settings=\"{&quot;_animation&quot;:&quot;fadeInUp&quot;}\" data-widget_type=\"image.default\">\n\t\t\t\t<div class=\"elementor-widget-container\">\n\t\t\t\t\t\t\t\t\t\t\t\t\t\t\t<img fetchpriority=\"high\" decoding=\"async\" width=\"800\" height=\"533\" src=\"https:\/\/happineff.com\/hpn1\/wp-content\/uploads\/2024\/09\/dale-la-vuelta-2.jpg\" class=\"attachment-large size-large wp-image-27325\" alt=\"\" srcset=\"https:\/\/happineff.com\/hpn1\/wp-content\/uploads\/2024\/09\/dale-la-vuelta-2.jpg 800w, https:\/\/happineff.com\/hpn1\/wp-content\/uploads\/2024\/09\/dale-la-vuelta-2-300x200.jpg 300w, https:\/\/happineff.com\/hpn1\/wp-content\/uploads\/2024\/09\/dale-la-vuelta-2-768x512.jpg 768w\" sizes=\"(max-width: 800px) 100vw, 800px\" \/>\t\t\t\t\t\t\t\t\t\t\t\t\t\t\t<\/div>\n\t\t\t\t<\/div>\n\t\t\t\t\t<\/div>\n\t\t<\/div>\n\t\t\t\t<div class=\"elementor-column elementor-col-50 elementor-inner-column elementor-element elementor-element-0734f0e\" data-id=\"0734f0e\" data-element_type=\"column\" data-e-type=\"column\">\n\t\t\t<div class=\"elementor-widget-wrap elementor-element-populated\">\n\t\t\t\t\t\t<div class=\"elementor-element elementor-element-9780096 elementor-invisible elementor-widget elementor-widget-text-editor\" data-id=\"9780096\" data-element_type=\"widget\" data-e-type=\"widget\" data-settings=\"{&quot;_animation&quot;:&quot;fadeIn&quot;}\" data-widget_type=\"text-editor.default\">\n\t\t\t\t<div class=\"elementor-widget-container\">\n\t\t\t\t\t\t\t\t\t<p>\u200b<span class=\"TextRun SCXP260849402 BCX0\" lang=\"ES-MX\" xml:lang=\"ES-MX\" data-usefontface=\"true\" data-contrast=\"none\"><span class=\"NormalTextRun SCXP260849402 BCX0\">El prop\u00f3sito de esta conferencia es mostrar un <\/span><\/span><span class=\"TextRun SCXP260849402 BCX0\" lang=\"ES-MX\" xml:lang=\"ES-MX\" data-usefontface=\"true\" data-contrast=\"none\"><span class=\"NormalTextRun SCXP260849402 BCX0\">camino de esperanza en la <strong>curaci\u00f3n<\/strong> de la <\/span><\/span><span class=\"TextRun SCXP260849402 BCX0\" lang=\"ES-MX\" xml:lang=\"ES-MX\" data-usefontface=\"true\" data-contrast=\"none\"><span class=\"NormalTextRun SCXP260849402 BCX0\"><strong>Dispersi\u00f3n Mental\/TDAH<\/strong> e inspirar a padres y <\/span><\/span><span class=\"TextRun SCXP260849402 BCX0\" lang=\"ES-MX\" xml:lang=\"ES-MX\" data-usefontface=\"true\" data-contrast=\"none\"><span class=\"NormalTextRun SCXP260849402 BCX0\">cuidadores a emprenderlo.<\/span><\/span><\/p><p data-ccp-props=\"{&quot;335551550&quot;:1,&quot;335551620&quot;:1,&quot;335559683&quot;:0,&quot;335559685&quot;:0,&quot;335559731&quot;:0,&quot;335559737&quot;:0,&quot;335562764&quot;:2,&quot;335562765&quot;:1,&quot;335562766&quot;:4,&quot;335562767&quot;:0,&quot;335562768&quot;:4,&quot;335562769&quot;:0}\"><span data-usefontface=\"true\" data-contrast=\"none\">Les compartire sobre:<\/span>\u200b<\/p><ol style=\"font-weight: 400;\"><li data-charcodes=\"65533,0,46\" data-buautonum=\"8\" data-margin=\"540\" data-aria-posinset=\"1\" data-aria-level=\"1\"><span data-scheme-color=\"@000000,1,\" data-usefontface=\"true\" data-contrast=\"none\"><strong>Mitos<\/strong> que debemos romper en relaci\u00f3n con esta <\/span><span data-scheme-color=\"@000000,1,\" data-usefontface=\"true\" data-contrast=\"none\">condici\u00f3n<\/span>\u200b<\/li><li data-charcodes=\"65533,0,46\" data-buautonum=\"8\" data-margin=\"540\" data-aria-posinset=\"2\" data-aria-level=\"1\"><span data-scheme-color=\"@000000,1,\" data-usefontface=\"true\" data-contrast=\"none\">Como <strong>padres\/cuidadores<\/strong> como <strong>contribuimos<\/strong> a <\/span><span data-scheme-color=\"@000000,1,\" data-usefontface=\"true\" data-contrast=\"none\">esta condici\u00f3n<\/span>\u200b<\/li><li data-charcodes=\"65533,0,46\" data-buautonum=\"8\" data-margin=\"540\" data-aria-posinset=\"3\" data-aria-level=\"1\"><span data-scheme-color=\"@000000,1,\" data-usefontface=\"true\" data-contrast=\"none\">Como podemos <strong>ayudar<\/strong> en la <strong>curaci\u00f3n<\/strong><\/span><\/li><\/ol>\t\t\t\t\t\t\t\t<\/div>\n\t\t\t\t<\/div>\n\t\t\t\t\t<\/div>\n\t\t<\/div>\n\t\t\t\t\t<\/div>\n\t\t<\/section>\n\t\t\t\t\t<\/div>\n\t\t<\/div>\n\t\t\t\t\t<\/div>\n\t\t<\/section>\n\t\t\t\t<section class=\"elementor-section elementor-top-section elementor-element elementor-element-bf652de elementor-section-height-min-height elementor-section-boxed elementor-section-height-default elementor-section-items-middle\" data-id=\"bf652de\" data-element_type=\"section\" data-e-type=\"section\" data-settings=\"{&quot;background_background&quot;:&quot;classic&quot;}\">\n\t\t\t\t\t\t\t<div class=\"elementor-background-overlay\"><\/div>\n\t\t\t\t\t\t\t<div class=\"elementor-container elementor-column-gap-default\">\n\t\t\t\t\t<div class=\"elementor-column elementor-col-100 elementor-top-column elementor-element elementor-element-e092c5d\" data-id=\"e092c5d\" data-element_type=\"column\" data-e-type=\"column\">\n\t\t\t<div class=\"elementor-widget-wrap elementor-element-populated\">\n\t\t\t\t\t\t<section class=\"elementor-section elementor-inner-section elementor-element elementor-element-3a3402c elementor-section-boxed elementor-section-height-default elementor-section-height-default\" data-id=\"3a3402c\" data-element_type=\"section\" data-e-type=\"section\">\n\t\t\t\t\t\t<div class=\"elementor-container elementor-column-gap-default\">\n\t\t\t\t\t<div class=\"elementor-column elementor-col-50 elementor-inner-column elementor-element elementor-element-fa15053\" data-id=\"fa15053\" data-element_type=\"column\" data-e-type=\"column\">\n\t\t\t<div class=\"elementor-widget-wrap elementor-element-populated\">\n\t\t\t\t\t\t<div class=\"elementor-element elementor-element-7b2f120 elementor-invisible elementor-widget elementor-widget-text-editor\" data-id=\"7b2f120\" data-element_type=\"widget\" data-e-type=\"widget\" data-settings=\"{&quot;_animation&quot;:&quot;fadeIn&quot;}\" data-widget_type=\"text-editor.default\">\n\t\t\t\t<div class=\"elementor-widget-container\">\n\t\t\t\t\t\t\t\t\t<p>\u200b<span data-usefontface=\"true\" data-contrast=\"none\">Al final de esta conferencia te llevar\u00e1s:<\/span>\u200b<\/p><ol style=\"font-weight: 400;\"><li data-charcodes=\"65533,0,46\" data-buautonum=\"8\" data-margin=\"540\" data-aria-posinset=\"1\" data-aria-level=\"1\"><span data-scheme-color=\"@000000,1,\" data-usefontface=\"true\" data-contrast=\"none\">Una <strong>comprensi\u00f3n<\/strong> m\u00e1s amplia y clara de esta <\/span><span data-scheme-color=\"@000000,1,\" data-usefontface=\"true\" data-contrast=\"none\"><strong>condici\u00f3n<\/strong> y su <strong>impacto<\/strong> en la vida de tus hijos y la <\/span><span data-scheme-color=\"@000000,1,\" data-usefontface=\"true\" data-contrast=\"none\">familia<\/span>\u200b<\/li><li data-charcodes=\"65533,0,46\" data-buautonum=\"8\" data-margin=\"540\" data-aria-posinset=\"2\" data-aria-level=\"1\"><span data-scheme-color=\"@000000,1,\" data-usefontface=\"true\" data-contrast=\"none\">Entedimiento de las <strong>condiciones<\/strong> que <strong>favorecen <\/strong><\/span><span data-scheme-color=\"@000000,1,\" data-usefontface=\"true\" data-contrast=\"none\">su <strong>curaci\u00f3n<\/strong><\/span>\u200b<\/li><li data-charcodes=\"65533,0,46\" data-buautonum=\"8\" data-margin=\"540\" data-aria-posinset=\"3\" data-aria-level=\"1\"><span data-scheme-color=\"@000000,1,\" data-usefontface=\"true\" data-contrast=\"none\">La posibilidad de iniciar un camino de <\/span><span data-scheme-color=\"@000000,1,\" data-usefontface=\"true\" data-contrast=\"none\"><strong>transformaci\u00f3n<\/strong> hacia una <strong>vida<\/strong> con mayor <\/span><strong>plenitud<\/strong><\/li><\/ol>\t\t\t\t\t\t\t\t<\/div>\n\t\t\t\t<\/div>\n\t\t\t\t\t<\/div>\n\t\t<\/div>\n\t\t\t\t<div class=\"elementor-column elementor-col-50 elementor-inner-column elementor-element elementor-element-e7054e7\" data-id=\"e7054e7\" data-element_type=\"column\" data-e-type=\"column\">\n\t\t\t<div class=\"elementor-widget-wrap elementor-element-populated\">\n\t\t\t\t\t\t<div class=\"elementor-element elementor-element-809faeb elementor-invisible elementor-widget elementor-widget-image\" data-id=\"809faeb\" data-element_type=\"widget\" data-e-type=\"widget\" data-settings=\"{&quot;_animation&quot;:&quot;fadeInUp&quot;}\" data-widget_type=\"image.default\">\n\t\t\t\t<div class=\"elementor-widget-container\">\n\t\t\t\t\t\t\t\t\t\t\t\t\t\t\t<img decoding=\"async\" width=\"668\" height=\"534\" src=\"https:\/\/happineff.com\/hpn1\/wp-content\/uploads\/2024\/09\/dale-vuelta-a.jpg\" class=\"attachment-large size-large wp-image-27320\" alt=\"\" srcset=\"https:\/\/happineff.com\/hpn1\/wp-content\/uploads\/2024\/09\/dale-vuelta-a.jpg 668w, https:\/\/happineff.com\/hpn1\/wp-content\/uploads\/2024\/09\/dale-vuelta-a-300x240.jpg 300w\" sizes=\"(max-width: 668px) 100vw, 668px\" \/>\t\t\t\t\t\t\t\t\t\t\t\t\t\t\t<\/div>\n\t\t\t\t<\/div>\n\t\t\t\t\t<\/div>\n\t\t<\/div>\n\t\t\t\t\t<\/div>\n\t\t<\/section>\n\t\t\t\t\t<\/div>\n\t\t<\/div>\n\t\t\t\t\t<\/div>\n\t\t<\/section>\n\t\t\t\t<section class=\"elementor-section elementor-top-section elementor-element elementor-element-6a8bb36c elementor-section-boxed elementor-section-height-default elementor-section-height-default\" data-id=\"6a8bb36c\" data-element_type=\"section\" data-e-type=\"section\">\n\t\t\t\t\t\t<div class=\"elementor-container elementor-column-gap-default\">\n\t\t\t\t\t<div class=\"elementor-column elementor-col-100 elementor-top-column elementor-element elementor-element-6e3949f8\" data-id=\"6e3949f8\" data-element_type=\"column\" data-e-type=\"column\">\n\t\t\t<div class=\"elementor-widget-wrap elementor-element-populated\">\n\t\t\t\t\t\t<div class=\"elementor-element elementor-element-a16cfc6 elementor-widget elementor-widget-text-editor\" data-id=\"a16cfc6\" data-element_type=\"widget\" data-e-type=\"widget\" data-widget_type=\"text-editor.default\">\n\t\t\t\t<div class=\"elementor-widget-container\">\n\t\t\t\t\t\t\t\t\t<h4><span class=\"TextRun SCXP245912789 BCX0\" lang=\"ES-MX\" xml:lang=\"ES-MX\" data-usefontface=\"false\" data-contrast=\"none\"><span class=\"NormalTextRun SCXP245912789 BCX0\">Quiero Darle la Vuelta a la <\/span><\/span><span class=\"TextRun SCXP245912789 BCX0\" lang=\"ES-MX\" xml:lang=\"ES-MX\" data-usefontface=\"false\" data-contrast=\"none\"><span class=\"NormalTextRun SCXP245912789 BCX0\">Dispersi\u00f3n<\/span><\/span><\/h4><p>(Llena el siguiente formulario, te responderemos en breve)<\/p>\t\t\t\t\t\t\t\t<\/div>\n\t\t\t\t<\/div>\n\t\t\t\t\t<\/div>\n\t\t<\/div>\n\t\t\t\t\t<\/div>\n\t\t<\/section>\n\t\t\t\t<section class=\"elementor-section elementor-top-section elementor-element elementor-element-4bff06ec elementor-section-boxed elementor-section-height-default elementor-section-height-default\" data-id=\"4bff06ec\" data-element_type=\"section\" data-e-type=\"section\">\n\t\t\t\t\t\t<div class=\"elementor-container elementor-column-gap-default\">\n\t\t\t\t\t<div class=\"elementor-column elementor-col-100 elementor-top-column elementor-element elementor-element-21385762\" data-id=\"21385762\" data-element_type=\"column\" data-e-type=\"column\">\n\t\t\t<div class=\"elementor-widget-wrap elementor-element-populated\">\n\t\t\t\t\t\t<div class=\"elementor-element elementor-element-2fced603 elementor-button-align-stretch elementor-widget elementor-widget-form\" data-id=\"2fced603\" data-element_type=\"widget\" data-e-type=\"widget\" data-settings=\"{&quot;step_next_label&quot;:&quot;Next&quot;,&quot;step_previous_label&quot;:&quot;Previous&quot;,&quot;button_width&quot;:&quot;100&quot;,&quot;step_type&quot;:&quot;number_text&quot;,&quot;step_icon_shape&quot;:&quot;circle&quot;}\" data-widget_type=\"form.default\">\n\t\t\t\t<div class=\"elementor-widget-container\">\n\t\t\t\t\t\t\t<form class=\"elementor-form\" method=\"post\" name=\"vuelta-a-la-dispersion\">\n\t\t\t<input type=\"hidden\" name=\"post_id\" value=\"27311\"\/>\n\t\t\t<input type=\"hidden\" name=\"form_id\" value=\"2fced603\"\/>\n\t\t\t<input type=\"hidden\" name=\"referer_title\" value=\"Dale la Vuelta a la Dispersi\u00f3n\" \/>\n\n\t\t\t\t\t\t\t<input type=\"hidden\" name=\"queried_id\" value=\"27311\"\/>\n\t\t\t\n\t\t\t<div class=\"elementor-form-fields-wrapper elementor-labels-above\">\n\t\t\t\t\t\t\t\t<div class=\"elementor-field-type-text elementor-field-group elementor-column elementor-field-group-name elementor-col-100\">\n\t\t\t\t\t\t\t\t\t\t\t\t<label for=\"form-field-name\" class=\"elementor-field-label\">\n\t\t\t\t\t\t\t\tNombre completo\t\t\t\t\t\t\t<\/label>\n\t\t\t\t\t\t\t\t\t\t\t\t\t\t<input size=\"1\" type=\"text\" name=\"form_fields[name]\" id=\"form-field-name\" class=\"elementor-field elementor-size-sm  elementor-field-textual\" placeholder=\"Nombre completo\">\n\t\t\t\t\t\t\t\t\t\t\t<\/div>\n\t\t\t\t\t\t\t\t<div class=\"elementor-field-type-email elementor-field-group elementor-column elementor-field-group-email elementor-col-100 elementor-field-required\">\n\t\t\t\t\t\t\t\t\t\t\t\t<label for=\"form-field-email\" class=\"elementor-field-label\">\n\t\t\t\t\t\t\t\tEmail\t\t\t\t\t\t\t<\/label>\n\t\t\t\t\t\t\t\t\t\t\t\t\t\t<input size=\"1\" type=\"email\" name=\"form_fields[email]\" id=\"form-field-email\" class=\"elementor-field elementor-size-sm  elementor-field-textual\" placeholder=\"Email\" required=\"required\" aria-required=\"true\">\n\t\t\t\t\t\t\t\t\t\t\t<\/div>\n\t\t\t\t\t\t\t\t<div class=\"elementor-field-type-tel elementor-field-group elementor-column elementor-field-group-message elementor-col-100\">\n\t\t\t\t\t\t\t\t\t\t\t\t<label for=\"form-field-message\" class=\"elementor-field-label\">\n\t\t\t\t\t\t\t\tWhatsApp\t\t\t\t\t\t\t<\/label>\n\t\t\t\t\t\t\t\t<input size=\"1\" type=\"tel\" name=\"form_fields[message]\" id=\"form-field-message\" class=\"elementor-field elementor-size-sm  elementor-field-textual\" placeholder=\"N\u00famero de WhatsApp\" pattern=\"[0-9()#&amp;+*-=.]+\" title=\"Only numbers and phone characters (#, -, *, etc) are accepted.\">\n\n\t\t\t\t\t\t<\/div>\n\t\t\t\t\t\t\t\t<div class=\"elementor-field-type-textarea elementor-field-group elementor-column elementor-field-group-field_315d51f elementor-col-100\">\n\t\t\t\t\t\t\t\t\t\t\t\t<label for=\"form-field-field_315d51f\" class=\"elementor-field-label\">\n\t\t\t\t\t\t\t\tEscribe aqu\u00ed los links a tus redes sociales (opcional)\t\t\t\t\t\t\t<\/label>\n\t\t\t\t\t\t<textarea class=\"elementor-field-textual elementor-field  elementor-size-sm\" name=\"form_fields[field_315d51f]\" id=\"form-field-field_315d51f\" rows=\"4\" placeholder=\"Un link por linea\"><\/textarea>\t\t\t\t<\/div>\n\t\t\t\t\t\t\t\t<div class=\"elementor-field-type-textarea elementor-field-group elementor-column elementor-field-group-field_823b180 elementor-col-100\">\n\t\t\t\t\t\t\t\t\t\t\t\t<label for=\"form-field-field_823b180\" class=\"elementor-field-label\">\n\t\t\t\t\t\t\t\tCu\u00e9ntame brevemente de ti y lo que esperas lograr con este proceso.\t\t\t\t\t\t\t<\/label>\n\t\t\t\t\t\t<textarea class=\"elementor-field-textual elementor-field  elementor-size-sm\" name=\"form_fields[field_823b180]\" id=\"form-field-field_823b180\" rows=\"4\" placeholder=\"Breve descripci\u00f3n\"><\/textarea>\t\t\t\t<\/div>\n\t\t\t\t\t\t\t\t<div class=\"elementor-field-group elementor-column elementor-field-type-submit elementor-col-100 e-form__buttons\">\n\t\t\t\t\t<button class=\"elementor-button elementor-size-sm\" type=\"submit\">\n\t\t\t\t\t\t<span class=\"elementor-button-content-wrapper\">\n\t\t\t\t\t\t\t\t\t\t\t\t\t\t\t\t\t\t\t\t\t\t<span class=\"elementor-button-text\">ENVIAR- En breve recibir\u00e1s un email con la informaci\u00f3n, por favor, revisa la carpeta de Spam si no lo encuentras en inbox.<\/span>\n\t\t\t\t\t\t\t\t\t\t\t\t\t<\/span>\n\t\t\t\t\t<\/button>\n\t\t\t\t<\/div>\n\t\t\t<\/div>\n\t\t<\/form>\n\t\t\t\t\t\t<\/div>\n\t\t\t\t<\/div>\n\t\t\t\t\t<\/div>\n\t\t<\/div>\n\t\t\t\t\t<\/div>\n\t\t<\/section>\n\t\t\t\t<section class=\"elementor-section elementor-top-section elementor-element elementor-element-14c7b1e4 elementor-section-content-middle elementor-section-boxed elementor-section-height-default elementor-section-height-default\" data-id=\"14c7b1e4\" data-element_type=\"section\" data-e-type=\"section\" data-settings=\"{&quot;background_background&quot;:&quot;classic&quot;}\">\n\t\t\t\t\t\t<div class=\"elementor-container elementor-column-gap-default\">\n\t\t\t\t\t<div class=\"elementor-column elementor-col-100 elementor-top-column elementor-element elementor-element-50a74ff4\" data-id=\"50a74ff4\" data-element_type=\"column\" data-e-type=\"column\" data-settings=\"{&quot;background_background&quot;:&quot;classic&quot;}\">\n\t\t\t<div class=\"elementor-widget-wrap elementor-element-populated\">\n\t\t\t\t\t<div class=\"elementor-background-overlay\"><\/div>\n\t\t\t\t\t\t<div class=\"elementor-element elementor-element-a24ccd4 elementor-widget elementor-widget-button\" data-id=\"a24ccd4\" data-element_type=\"widget\" data-e-type=\"widget\" data-widget_type=\"button.default\">\n\t\t\t\t<div class=\"elementor-widget-container\">\n\t\t\t\t\t\t\t\t\t<div class=\"elementor-button-wrapper\">\n\t\t\t\t\t<a class=\"elementor-button elementor-button-link elementor-size-sm\" href=\"\/hpn1\/yaneth-garces\/\">\n\t\t\t\t\t\t<span class=\"elementor-button-content-wrapper\">\n\t\t\t\t\t\t\t\t\t<span class=\"elementor-button-text\">Regresar a Servicios<\/span>\n\t\t\t\t\t<\/span>\n\t\t\t\t\t<\/a>\n\t\t\t\t<\/div>\n\t\t\t\t\t\t\t\t<\/div>\n\t\t\t\t<\/div>\n\t\t\t\t\t<\/div>\n\t\t<\/div>\n\t\t\t\t\t<\/div>\n\t\t<\/section>\n\t\t\t\t<\/div>\n\t\t","protected":false},"excerpt":{"rendered":"<p>Conferencia: Dale la Vuelta a la Dispersi\u00f3n Hijos Exitosos y Familia en Armon\u00eda\u200b \u200bEl prop\u00f3sito de esta conferencia es mostrar un camino de esperanza en la curaci\u00f3n de la Dispersi\u00f3n Mental\/TDAH e inspirar a padres y cuidadores a emprenderlo. Les compartire sobre:\u200b Mitos que debemos romper en relaci\u00f3n con esta condici\u00f3n\u200b Como padres\/cuidadores como contribuimos [&hellip;]<\/p>\n","protected":false},"author":1,"featured_media":0,"parent":0,"menu_order":0,"comment_status":"closed","ping_status":"closed","template":"","meta":{"om_disable_all_campaigns":false,"site-sidebar-layout":"no-sidebar","site-content-layout":"page-builder","ast-site-content-layout":"full-width-container","site-content-style":"default","site-sidebar-style":"default","ast-global-header-display":"","ast-banner-title-visibility":"","ast-main-header-display":"","ast-hfb-above-header-display":"","ast-hfb-below-header-display":"","ast-hfb-mobile-header-display":"","site-post-title":"disabled","ast-breadcrumbs-content":"","ast-featured-img":"disabled","footer-sml-layout":"","ast-disable-related-posts":"","theme-transparent-header-meta":"default","adv-header-id-meta":"","stick-header-meta":"","header-above-stick-meta":"","header-main-stick-meta":"","header-below-stick-meta":"","astra-migrate-meta-layouts":"set","ast-page-background-enabled":"default","ast-page-background-meta":{"desktop":{"background-color":"","background-image":"","background-repeat":"repeat","background-position":"center center","background-size":"auto","background-attachment":"scroll","background-type":"","background-media":"","overlay-type":"","overlay-color":"","overlay-opacity":"","overlay-gradient":""},"tablet":{"background-color":"","background-image":"","background-repeat":"repeat","background-position":"center center","background-size":"auto","background-attachment":"scroll","background-type":"","background-media":"","overlay-type":"","overlay-color":"","overlay-opacity":"","overlay-gradient":""},"mobile":{"background-color":"","background-image":"","background-repeat":"repeat","background-position":"center center","background-size":"auto","background-attachment":"scroll","background-type":"","background-media":"","overlay-type":"","overlay-color":"","overlay-opacity":"","overlay-gradient":""}},"ast-content-background-meta":{"desktop":{"background-color":"var(--ast-global-color-5)","background-image":"","background-repeat":"repeat","background-position":"center center","background-size":"auto","background-attachment":"scroll","background-type":"","background-media":"","overlay-type":"","overlay-color":"","overlay-opacity":"","overlay-gradient":""},"tablet":{"background-color":"var(--ast-global-color-5)","background-image":"","background-repeat":"repeat","background-position":"center center","background-size":"auto","background-attachment":"scroll","background-type":"","background-media":"","overlay-type":"","overlay-color":"","overlay-opacity":"","overlay-gradient":""},"mobile":{"background-color":"var(--ast-global-color-5)","background-image":"","background-repeat":"repeat","background-position":"center center","background-size":"auto","background-attachment":"scroll","background-type":"","background-media":"","overlay-type":"","overlay-color":"","overlay-opacity":"","overlay-gradient":""}},"footnotes":""},"class_list":["post-27311","page","type-page","status-publish","hentry"],"_links":{"self":[{"href":"https:\/\/happineff.com\/hpn1\/wp-json\/wp\/v2\/pages\/27311","targetHints":{"allow":["GET"]}}],"collection":[{"href":"https:\/\/happineff.com\/hpn1\/wp-json\/wp\/v2\/pages"}],"about":[{"href":"https:\/\/happineff.com\/hpn1\/wp-json\/wp\/v2\/types\/page"}],"author":[{"embeddable":true,"href":"https:\/\/happineff.com\/hpn1\/wp-json\/wp\/v2\/users\/1"}],"replies":[{"embeddable":true,"href":"https:\/\/happineff.com\/hpn1\/wp-json\/wp\/v2\/comments?post=27311"}],"version-history":[{"count":52,"href":"https:\/\/happineff.com\/hpn1\/wp-json\/wp\/v2\/pages\/27311\/revisions"}],"predecessor-version":[{"id":27768,"href":"https:\/\/happineff.com\/hpn1\/wp-json\/wp\/v2\/pages\/27311\/revisions\/27768"}],"wp:attachment":[{"href":"https:\/\/happineff.com\/hpn1\/wp-json\/wp\/v2\/media?parent=27311"}],"curies":[{"name":"wp","href":"https:\/\/api.w.org\/{rel}","templated":true}]}}